2 + 3*r + 4. Let y be n(7). Let p = -32 - y. Determine t(p).
4
Let v = -9 - -16. Suppose v*i + 5 = 47. Let l(q) = -q**3 + i*q - 23 + 13 - 5*q**2 + 10. Determine l(-6).
0
Let a(i) be the third derivative of i**5/120 + i**4/4 + i**3/2 - 24*i**2 + 1. Let u(z) be the first derivative of a(z). Determine u(-5).
1
Let i(x) = 7*x - 40. Let p be i(6). Let u(j) be the second derivative of -j**5/10 + j**4/12 + j**3/2 - 3*j**2/2 - 9*j. Give u(p).
-9
Let m(b) be the first derivative of 14*b**3/3 - b**2 + 2*b - 275. Give m(1).
14
Let x = 7 - 4. Suppose -11*g = -15*g + 8. Let d(k) = -27*k**2 - k + 10*k**2 - 3 + 10*k**2 + 9*k**g. What is d(x)?
12
Let b(f) = -f. Let m = -85 - -107. Let n(d) = -d**3 + 22*d**2 + 6. Let w be n(m). What is b(w)?
-6
Let l(c) be the second derivative of c**3/6 + 7*c**2/2 + 6*c. Let a be l(-7). Let i(r) be the second derivative of r**3/6 - r. Give i(a).
0
Let s(a) be the second derivative of a**6/120 - a**5/15 - a**4/8 + 3*a**2/2 - 24*a. Let j(m) be the first derivative of s(m). What is j(5)?
10
Let q(p) = 189*p + 282. Let v(r) = -79*r - 113. Let y(a) = -5*q(a) - 12*v(a). Give y(17).
-3
Let x(n) = -n - 4. Suppose -4*w + w + 0*w = 0. What is x(w)?
-4
Let v(j) = j - 17. Let t(h) = 3. Let m(c) = -6*t(c) - v(c). Determine m(2).
-3
Let b = 38 - 40. Let d(z) be the second derivative of z**5/10 + z**4/6 - z**3/3 + 3*z. Determine d(b).
-4
Let t(f) = -4*f**3 + f + 2. Let x = 125 - 126. Determine t(x).
5
Let l(x) = -10 + 1386*x - 10*x**2 - x**3 - 1386*x. What is l(-10)?
-10
Let j(z) = 1 + 5 - 7 - 3*z. Let f be (4 + -2)*9/6. Let g = 1 - f. Calculate j(g).
5
Suppose 0 = 17*l + 62 - 11. Let d(y) = -y**2 - y - 3. Determine d(l).
-9
Suppose 3*r - 20 = 4*t - 8, -22 = -2*r - 2*t. Let n(o) = o**2 - 8*o - 7. Determine n(r).
-7
Let x(u) = u**2 - 8*u + 4. Suppose m = -z + 6, 3*m = -0*z - z + 8. Calculate x(z).
-11
Let f(w) = w**3 + 3*w**2 + 52 - 100 + 46. Calculate f(-2).
2
Let z(b) = b**2 - 4*b - 10. Let j be (370/(-111))/(2 - 16/6). Give z(j).
-5
Let q(r) = 1. Let m be (-78)/(-18) - (-2)/(-6). Let i(w) = 0 - m + w - 1 - 4*w. Let g(s) = i(s) + 3*q(s). What is g(-3)?
7
Let b = -57 - -7. Let g = b + 75. Suppose -g = s + 4*s. Let v(i) = -i. What is v(s)?
5
Let v(s) = 2*s**2 - 14*s - 3*s**2 - 30 + 5 + 6 + 9. Determine v(-13).
3
Let m(d) = -6*d**2 + 9*d + 13. Let o(z) = -z**2 - z + 2. Let q(a) = m(a) - 5*o(a). Calculate q(14).
3
Let j(i) = i**3 - 8*i**2 - 9*i - 4. Let u(k) = k**2 + 13*k - 21. Let l = -30 - -15. Let q be u(l). Give j(q).
-4
Suppose 6*r - 5*r - 4 = 0. Suppose -8 + 36 = -r*p. Let x = 3 + p. Let g(z) = -z + 5. What is g(x)?
9
Suppose -61 = -2*l - 55, -g - 5*l + 19 = 0. Let m(i) = -3*i**2 + 13*i + 1. Calculate m(g).
5
Let n(m) = m + 4*m**3 + 6*m**3 - 5*m**3. Let t = -371 - -370. What is n(t)?
-6
Let o(z) be the second derivative of -z**5/20 + 5*z**4/6 + z**3/6 + 3*z + 18. Calculate o(10).
10
Let q(c) = -5*c**3 + 19*c**2 - c + 26. Let v(x) = 2*x**3 - x**2 - 2. Let t(n) = q(n) + 2*v(n). Determine t(17).
5
Let r(h) = 10*h + 395. Let z be r(-39). Let u(d) be the third derivative of 0 + 1/60*d**5 - 1/6*d**3 + z*d**2 + 1/24*d**4 + 0*d. Give u(1).
1
Let d(g) = g + 11. Let o(h) = -h - 5. Let s(w) = -3*d(w) - 5*o(w). Give s(15).
22
Let f(k) be the first derivative of 2*k**2 - 7*k - 58. Calculate f(7).
21
Let v(h) = -58*h + 1. Let i be 15/(-10) - 4*(-6)/48. Calculate v(i).
59
Let u(n) = -n + 1. Let j(y) = y**2 - 4*y - 9. Let w(z) = j(z) + 4*u(z). Let l = 17 + -10. Give w(l).
-12
Let i(n) be the second derivative of 1/12*n**4 + 9*n + 0 - 1/6*n**3 + 1/2*n**2. What is i(0)?
1
Let v(o) = -o**2. Let z(f) = f - 33. Let x be z(16). Let a = x + 13. Let j(d) = 7*d**3 + 5*d**2 - d - 1. Let h(n) = a*v(n) - j(n). Determine h(-1).
6
Let p(i) be the third derivative of -i**4/12 - i**3/2 - 227*i**2. Let z = 2 + -6. Determine p(z).
5
Let z(t) = 8*t**3 + 3*t - 1. Let h(v) = v**3 - v. Let u(f) = -3*h(f) - z(f). Calculate u(-1).
12
Let k(i) be the third derivative of -i**5/60 - i**4/3 - i**3/3 + i**2. Let u = -5526 - -5522. Determine k(u).
14
Let i(m) = -6*m**3 + 17*m**2 + m - 17. Let h(u) = -5*u**3 + 15*u**2 - 16. Let y(t) = -5*h(t) + 4*i(t). Determine y(6).
0
Let b(z) = -3*z - 1. Let u(w) = 3*w**3 + 4*w**2 + 2*w + 1. Let k(y) = y**2 + y. Let d(m) = -4*k(m) + u(m). Let t be d(1). What is b(t)?
-7
Let p be 5/(5/(-10)*2) + 3. Let u(r) = r**3 - r. Let l(c) = 3*c**3 + c**2 - 3*c + 1. Let k(d) = -l(d) + 4*u(d). Give k(p).
-11
Let v(g) be the second derivative of -g**7/840 - g**6/360 + g**5/60 - g**4/12 + 4*g**3/3 - g**2/2 + 26*g. Let t(q) be the second derivative of v(q). Give t(2).
-10
Let g be (-18)/4 - (-2)/(-4). Suppose 2*x + 23 = 3*u, u - 5*x + 14 = -0*u. Let l(w) = -5*w + 7*w**2 + 3*w**2 - 3 - u*w**2. Give l(g).
-3
Let i(c) = 8*c**3 + c + 1. Let w(y) = -18*y**3 - y**2 - y - 3. Let d(n) = -5*i(n) - 2*w(n). What is d(2)?
-29
Let u(l) = -651*l**2 + 1 + 652*l**2 + 1 - 2*l - 2*l. Calculate u(7).
23
Let v(l) be the second derivative of -5*l**4/12 - l**2/2 + l. Suppose 23*q = -35 + 12. Calculate v(q).
-6
Let r(y) = -11*y**2 + 12*y + 5. Let u(z) = 13*z**2 - 13*z - 5. Let b(k) = -7*r(k) - 6*u(k). Calculate b(-8).
-21
Let i(p) be the second derivative of p**5/20 - p**4/3 + 2*p**3/3 - p**2 + 20*p + 1. Suppose 0 = -11*l + 8*l + 6. Determine i(l).
-2
Let v be (-8)/10*15/(-6). Let d = -7 + 12. Let b(m) = 12*m + 5 - 1 - 3*m**2 + 4*m**v - d*m. Determine b(-6).
-2
Let l(x) = -62 - 58 - x**2 - 15*x + 155 - 50 + 0*x**2. What is l(-13)?
11
Let h = 75 - 75. Suppose t - 19 = -t - 5*w, h = -4*w + 12. Let c(r) = -2*r**3 + r**2 + 2*r + 1. Calculate c(t).
-7
Let p(c) = -5*c**2 + c + 2. Let w(h) = h**2 + h - 1. Let g(v) = -p(v) - 3*w(v). Suppose 5*y = d - 2*d - 26, -32 = 2*d + 5*y. Let f = -3 - d. What is g(f)?
7
Let s(h) = -33*h**2. Suppose 17*b + 2 = 19*b. What is s(b)?
-33
Let m(l) = -l**2 - 7*l - 4. Suppose -5*x + 3*t + 300 = 0, 3*x - 142 = 4*t + 27. Let d = x + -66. Give m(d).
8
Let j = -314 - -309. Let a(x) = -x**3 - 6*x**2 - 6*x - 1. Determine a(j).
4
Let i(o) = -5*o - 20*o**3 - 5 + 2*o**3 + 3*o**2 + 7*o**3 + 12*o**3. Let n(x) = -x - 1. Let c be n(-4). Let p = c - 7. Determine i(p).
-1
Let t(x) = x**2 + 9*x + 11. Let b be t(-8). Let h(w) = w - 1. Let r(a) = -a**3 + 3*a**2 - 4*a + 1. Let c(v) = h(v) + r(v). Determine c(b).
-9
Suppose 0 = -4*s + 4*m + 648, 5*s - 3*m - 559 = 247. Let l be ((-12)/(-14))/2 + s/280. Let b(a) be the first derivative of -2*a**3/3 + a**2/2 - 1. Give b(l).
-1
Let a(p) = -13*p - 3 - 4*p + p**2 + 12*p. Let j(g) = g**3 - 6*g**2 - 7*g + 4. Let n be j(7). Calculate a(n).
-7
Let j(o) = -o - 1. Let r = -198 - -204. Calculate j(r).
-7
Let k(v) be the first derivative of -v**5/60 - v**4/24 + 2*v**3 + 11. Let u(j) be the third derivative of k(j). Suppose -3*i = -0*i + 15. What is u(i)?
9
Suppose -2*z = 8, 0*k + 3*k - 23 = 2*z. Suppose -r + 4 = -2*r - f, 5*f - 50 = k*r. Let o(p) = -p**2 - 8*p + 2. What is o(r)?
9
Let g(v) = v**2 + 56*v + 15 + 78*v - 144*v. Determine g(6).
-9
Let s(r) = r**2 + 11*r - 3. Let w = 313 - 322. Calculate s(w).
-21
Let s(r) = -10*r**2 - 63*r - 10. Let k be s(-6). Let b(q) = q**3 - 9*q**2 + 10*q + 2. Calculate b(k).
18
Let q = 77 - 70. Let g(c) = -c**2 + 1 + 3*c + q*c - 19*c + 3. What is g(-9)?
4
Let i(y) be the first derivative of -y**2/2 + 13*y - 327. What is i(-6)?
19
Let w(z) = -11*z + 1. Let x = 288 + -285. What is w(x)?
-32
Suppose 0 = -5*a + 3*q - 40, -4*a + 2*q + q - 29 = 0. Let m(d) = -d**3 - 11*d**2 + 2*d + 13. Determine m(a).
-9
Let d(a) = -a**3 + a**2. Let l(q) = -4*q**3 + 2*q**2 - 7*q + 4. Let c(r) = 5*d(r) - l(r). Give c(5).
-19
Let v(p) = -9*p - 10. Let g(y) = -28*y - 30. Let r(c) = -3*g(c) + 10*v(c). Let b be r(-5). Suppose 0 = -5*z - b - 10. Let l(n) = -2*n - 7. What is l(z)?
5
Let o(g) be the second derivative of 5*g**2 + 0 - 7/6*g**3 + 16*g + 1/12*g**4. Give o(7).
10
Let r = -6 + 9. Suppose j + 12 = -r*j. Let o(x) = 3*x**2 - 113*x**3 - x - 4 + 114*x**3 + x**2. What is o(j)?
8
Suppose -3*a - 22 = z, 4*a + z + 2*z = -36. Let x be 2/(-4) - 27/a. Let c(g) be the second derivative of g**4/12 - g**3 + 3*g**2 + 8*g. What is c(x)?
-2
Let w(g) = 19*g**3 - g - 1. Let h(v) = -2*v - 18. Let f be h(-9). Let q be f - -4 - 90/18. What is w(q)?
-19
Suppose 3*c = 6*c + 36. Let v be (-8)/(-12)*(-9)/(-12)*c. Let b(g) be the second derivative of g**5/